(n) be the third derivative of n**5/60 - n**4/24 + n**3/6 - n**2. Suppose 2 = -m - 3, 2*m = 5*u - 35. Suppose 14*y = 9*y + u. Give l(y).
1
Let l(r) be the first derivative of -6*r**4 - r**3/3 - r**2/2 - r + 8. Suppose 10 = -5*a - 5*a. Calculate l(a).
23
Let n(z) be the first derivative of z**5/60 - z**4/6 - z**3/6 + 20*z**2 + 25. Let s(w) be the second derivative of n(w). Determine s(5).
4
Suppose -2*y = -6*y + 8. Suppose 2*o - 6*o - w + 32 = 0, y*o = 2*w + 6. Let l(d) = -d**2 + 6*d + 10. What is l(o)?
3
Suppose -3*b + 2 = -5*l - 5, 0 = 4*b + l + 6. Let w be (5*-1*b)/(-1). Let s(c) = 17*c + 8. Let k(r) = -12*r - 7. Let a(u) = -3*k(u) - 2*s(u). Determine a(w).
-5
Let t = -6 - -8. Let d(j) = 0*j**2 - 3*j + j**t - 4 + 6. Let h(r) = -r**3 - 21*r**2 + 47*r + 26. Let x be h(-23). Determine d(x).
2
Suppose -41*a + 45 = -44*a. Let t(v) = -3*v - 42. Calculate t(a).
3
Let s(u) be the third derivative of -u**4/24 - u**3/6 + 23*u**2. Suppose 7*k = 11*k + 4. Calculate s(k).
0
Let y(u) = -4*u**3 - 10*u**2 + u + 4. Let b(j) = 5*j**3 + 11*j**2 - 2*j - 5. Let m(w) = -3*b(w) - 4*y(w). Determine m(-6).
23
Let v(t) = 31*t**3 - 11*t**2 - 41*t - 22. Let b(j) = -7*j**3 + 3*j**2 + 10*j + 5. Let y(h) = 9*b(h) + 2*v(h). What is y(6)?
13
Let j(o) = 4*o**2 + 5*o**3 - 3*o**2 + 4 - 2 + 36*o - 37*o. Let z(b) = 6*b**3 + 0*b**3 + 3 - 4*b**2 + 5*b**2 + 0*b**3. Let q(u) = 5*j(u) - 4*z(u). Give q(-3).
-5
Let h be 3 + 8 + -3 + 3/1. Let c = 16 - h. Let i(k) = 3*k - 7. Calculate i(c).
8
Let f(q) = -q**2 - 3*q - 6. Suppose 4*u - 3*u = -5. Calculate f(u).
-16
Let r(s) be the first derivative of s**6/120 + s**5/20 + 2*s**3/3 - 3*s**2/2 + 3. Let g(h) be the second derivative of r(h). Give g(-3).
4
Let b(k) = 2*k - 5. Let w be (-96)/(-18) - (-2)/(-6). Let j be b(w). Suppose -7 = -2*z + j. Let x(f) = -f + 3. What is x(z)?
-3
Let v(q) = -q**3 + 4*q**2 - 3*q + 2. Let s(x) = x - 18. Let o be s(30). Suppose 28*t = 24*t + o. Calculate v(t).
2
Let f(w) = w - 1. Suppose 0 = -4*b + 5*l - 76, 3*l - 6*l = -12. Determine f(b).
-15
Let c(j) = j**2 - 9*j - 5. Suppose 5*k - 56 + 6 = 0. What is c(k)?
5
Let z be 38/3 + 16/(-6) + 4. Let w(s) = s**2 - 14*s - 10. Give w(z).
-10
Suppose 0 = -3*r - 0*r + 6. Suppose -r*v + 3 = -5*v. Let i(b) = 4*b - 1. Determine i(v).
-5
Suppose -5*m + 3*s = -0*m - 105, m + 4*s = 21. Let n(y) = m*y + 1 - 8*y**2 - 13*y - y**3 - 15*y. Determine n(-7).
1
Suppose 0 = 4*k + h - 18 - 3, 4*h = 2*k - 24. Let j(w) be the first derivative of -w**3/3 + 5*w**2/2 - w - 275. Determine j(k).
-7
Let b(f) = -3*f - 7. Let h = -265 + 273. Give b(h).
-31
Let j(v) = v**2 + 6*v - 6. Suppose 6*t - 1 - 29 = 0. Suppose 12 = 2*q - 2*s, t*s + 11 = 2*q - 4. Suppose 2*u - q*y = 8, -5*y - 21 + 7 = -u. Determine j(u).
-6
Let y = 85 + -83. Let t(o) = -6*o + 16*o + o**y - 8*o - 5. Determine t(-5).
10
Let h(p) = 194*p + 191. Let d be h(-1). Let u(k) = -6*k**2 + 2*k + 4. Determine u(d).
-56
Suppose -2*v + 0*v = 3*f - 2, -2*f + 12 = 4*v. Let u be 3*6/(-9) - f. Let d(y) = y + 1 + u - 3*y. Determine d(3).
-5
Let d(z) = -7*z - 5. Let s(y) = -11*y - 8. Let m = -28 + 33. Let h(x) = m*s(x) - 8*d(x). Determine h(1).
1
Let v(y) = -8*y + 1. Let x(g) be the second derivative of -g**4/12 - g**3 - 2*g**2 - 12*g. Let b be x(-5). Determine v(b).
-7
Let s(u) = 4*u + 2. Suppose -3*v - 11 = 5*l, -2*v - 11 = 2*v + 3*l. Give s(v).
-6
Let u(t) = -t**2 + 2*t - 1. Let q(h) = h. Let o be q(3). Give u(o).
-4
Let p(c) be the second derivative of -c**4/12 + c**3 - 7*c**2/2 - 107*c. What is p(7)?
-14
Let m(r) = r**2 + r**2 + 2*r**2 - 7 - 5*r**2. Let o be 16/312*3 + (-4)/26. Determine m(o).
-7
Let z(c) = c**3 - 8*c**2 - 10*c + 15. Let v = 1266 + -1257. Calculate z(v).
6
Let u(t) = t**3 - 2*t**2 + t**2 - 740 + 743 - 5*t**2 + 5*t. What is u(4)?
-9
Let m(s) be the third derivative of s**6/120 - s**5/20 - s**4/12 + s**3/2 - 51*s**2. Give m(3).
-3
Let c(x) = x**2 - 3*x - 7. Let o be (152/(-16) - -9)/(3/(-36)). What is c(o)?
11
Let u(a) = -206208 - 2*a**2 + 206208 - 4*a**3 + a. Give u(1).
-5
Let b(d) = 6*d - 52. Let a be b(10). Let j(t) = a*t + 17*t - 9*t. Calculate j(1).
16
Let t(f) = 3*f - 1. Let n be (10 + -49)/(-13) + 3. What is t(n)?
17
Let h(i) = 2*i**2 - 2*i - 2. Let f(t) = -6*t**2 + 5*t + 6. Let p(o) = -3*f(o) - 8*h(o). Determine p(2).
8
Let q(f) = -f**2 - 5*f + 3. Let z be (3 + 0)*2*(-4 + 3). Determine q(z).
-3
Let o(c) = 5*c**2 - 2*c + 1. Let u be o(1). Let b(n) = -n**2 + 6*n - 9. Calculate b(u).
-1
Let d(j) = -4*j - 10. Let n(r) = -2*r - 5. Let i = 7 + -21. Let h = 8 + i. Let q(k) = h*d(k) + 11*n(k). Calculate q(-5).
-5
Let m = -3 + 0. Let z(y) = y + 3. Let c be z(m). Let l(q) = c - 1 - q + 2*q + 2*q**2 - 3*q. What is l(2)?
3
Let r(q) = -q - 11. Suppose 3*y + 17 = -4*g - 47, y - 48 = 3*g. Let m be g/12*(-18)/(-4). Calculate r(m).
-5
Let b(o) = -3*o**2 + 7*o**2 + 4*o**2 + o. Suppose -96*a = -98*a - 310. Let d = 154 + a. Calculate b(d).
7
Let x(d) = -4*d**2 - 4. Let q(z) = 9*z**2 + 3. Let w(v) = 3*q(v) + 2*x(v). Let a(l) = 2*l**3 + 2*l**2 + 2*l + 1. Let y be a(-1). What is w(y)?
20
Let j(r) = -r + 7. Let z be j(7). Let s(h) be the second derivative of 1/2*h**2 + h - 1/6*h**3 + 1/20*h**5 + 1/12*h**4 + 0. What is s(z)?
1
Let d = 14 - 17. Let t(w) = -w**2 - 4*w + 2. Let h be t(d). Let v(o) = -o**2 + 4*o + 4. Determine v(h).
-1
Let s(x) = 26 + 15 - 2*x - 49. Determine s(-6).
4
Let d(x) = -9*x - 6. Let p(o) = 5*o + 3. Let l(n) = 6*d(n) + 11*p(n). Let j = 37 + -64. Let c be (-4)/18 + (-168)/j. What is l(c)?
3
Let j(y) = y**3 + 3*y**2 - 18*y - 5. Let w be j(-6). Let p(l) = 5*l - 1. What is p(w)?
-26
Let z = 1 + -1. Let c(h) = h**3 + h. Let q(t) = 0*t + 4*t + 11 + t - 3*t + t**3 - t**2. Let a(f) = -2*c(f) + q(f). Determine a(z).
11
Let r(x) = x**2 - 8*x + 7. Let h be r(10). Let o = 30 - h. Let v(w) = 0*w + 2*w**o - 2*w**3 - 6 + 5*w**2 - 2*w + w**3. Give v(-5).
4
Suppose 2*o - 22 + 4 = 0. Suppose -21 = -6*r + o*r. Let y(u) = u - 1. Calculate y(r).
-8
Let f(a) = 43*a - 9. Let y(n) = 54*n - 10. Let p(t) = -5*f(t) + 4*y(t). What is p(1)?
6
Let s(b) = -2*b**2 + 5*b + 2. Let v be (-4)/10 + 54/(-15). Let u(y) = -2*y**2 + 6*y + 3. Let w(m) = v*s(m) + 3*u(m). Determine w(2).
5
Let p = 5 - 3. Let y(o) = -6 - 4 + p + 9 - o. What is y(3)?
-2
Let o(b) = 2*b**2 - 5*b - 4. Let w = 181 + -178. Let t(c) = c**3 - 7*c**2 + 5*c + 8. Let y be t(6). Suppose 0 = 5*z + w*q - 35, -3 = 3*z - y*q - q. Give o(z).
8
Let o(b) = -b + 3. Let i be 6*-1*(-4)/(-12). Let p be i/(4/(-6)) + 2. Suppose 5*s + 5 = 0, 0 = -3*n - s + 19 - p. Give o(n).
-2
Let f(o) = -o**3 - 10*o**2 - 3*o + 4. Let y be 4/((-16)/(-36))*(-4)/(-6). Let l(k) = k**2 - 1. Let w(z) = y*l(z) + f(z). What is w(-2)?
-4
Let h(z) be the first derivative of -3*z**2 - 20 + 2*z**2 - 4*z + 21. Let f be h(-5). Let s(j) = -2*j + 5. Give s(f).
-7
Let f = -1 - -8. Let a be ((-1600)/256)/(1/(-4)). Let p(s) = -f*s + a + 16*s - 24. What is p(-1)?
-8
Suppose 2*l = k + 142, -4*k - 112 = -2*l + 30. Let t(y) = l + 5*y**2 - y**2 - 72 + 0*y**2. Suppose 3*j = -3, -3*f + 2*j + 1 = 4*j. Determine t(f).
3
Let h(s) = 2*s**3 + 77*s**2 + 38*s + 8. Let x be h(-38). Let f(r) = r**2 - 5*r - 15. Calculate f(x).
9
Let d(w) = -w**3 + w**2 + w + 3*w**3 - 14*w**3. Calculate d(-1).
12
Let q(p) be the first derivative of -9*p**2/2 - p + 1. Let a = 99 - 98. Calculate q(a).
-10
Let c(u) = u**3 - 6*u**2 + 6*u + 5. Let l = -21 - -13. Let x be 8/(-20) + l/5. Let i be (-1)/(6/15)*x. What is c(i)?
10
Let x(h) = -h**2 + 3*h + 9. Let k(b) = -5*b**2 - 58*b + 29. Let c be k(-12). Determine x(c).
-1
Let k(v) = -7*v + 0*v + 6 + 2*v + 3*v. Calculate k(4).
-2
Let d(m) = m**2 - 2*m + 1. Let c(w) be the first derivative of -1 + w**2 - 1/4*w**4 + 2/3*w**3 + 4*w. Let g be c(3). Give d(g).
0
Let h(f) = -5*f + 3. Let i(q) = q**2 - q + 1. Let v be i(0). Let j be h(v). Let z(p) = -3*p. Determine z(j).
6
Let k(t) be the second derivative of t**2/2 + 10*t + 9. Let o(m) = 2*m - 3*m + 6 + 0*m. Let l(y) = 6*k(y) + o(y). What is l(5)?
7
Let k(s) = -s**2 + s. Let f(t) = -t**3 - 4*t**2 + 6*t + 2. Let x(l) = -f(l) + 2*k(l). Calculate x(-3).
1
Let f(c) = -27 - 1 + 2 + 6 + 2*c. Determine f(-11).
-42
Let y(p) = -7*p + 15. Let t(r) = 10*r - 22. Suppose -3*x - 5*n + 5 = 0, 0 = -x - 4*n + 11. Let c(u) = x*t(u) - 7*y(u). What is c(5)?
0
Let o(x) = 9*x - 21*x - 3 + 13*x - 1. Calcula